v(i). Let b = 335 - 333. What is l(b)?
1
Let f(t) = -t**3 + 4*t**2 + 2*t + 1. Let b be f(4). Suppose 2*v - b = v + 5*z, v + 3 = z. Let k(s) = -15 + 20 + 135*s - 131*s. Calculate k(v).
-19
Let z(u) = -9 - 16*u - 27*u + 10*u + 54*u. Give z(1).
12
Let f(n) = -n + 1 - 2*n + n + 3*n. Let o(i) = -6*i - 11. Let v = 31 - 30. Let c(m) = v*o(m) + 4*f(m). Give c(-6).
5
Let z(n) = -8*n**2 - 2*n + 2. Let l(u) = u**3 + u**2 - u + 2. Let q = 834 + -834. Let j be l(q). What is z(j)?
-34
Let c(o) = o**2 + 8*o + 6. Let z be -8 - -6 - 4/(-1*2). Suppose -4*g + 7*g + k + 21 = 0, z = 2*g - 4*k. Give c(g).
-6
Let c(z) be the second derivative of 11*z - 7/2*z**2 - 11/6*z**3 + 0 + 1/12*z**4. Calculate c(12).
5
Let f = -1022 + 1023. Let p(b) = 23*b - 4. Determine p(f).
19
Let r(v) = 4*v - 17. Suppose -190 + 148 = -6*i. Determine r(i).
11
Let w(d) = -7*d**3 + 22*d + 5*d**2 - 48*d - 5 + 20*d. Let v(c) = -8*c**3 + 5*c**2 - 7*c - 6. Let g(b) = -6*v(b) + 7*w(b). Determine g(5).
1
Let z(o) = -o**3 - 40*o**2 + 41*o + 11. Let n be z(-41). Let s be 0 - (-6 + n + 8 + -1). Let x(v) = v + 15. Give x(s).
3
Let r(q) = 2*q**2 + 16*q + 11. Let l be 3916/(-242) - -16 - (-60)/(-33). Determine r(l).
-13
Let l(j) = j**2 - 4*j - 3. Suppose -5*v + 76 = -84. Suppose 0 = -0*x + 4*x + 4*n - v, 0 = 2*n. Let d be -1 - -7 - (-2 + x/2). Calculate l(d).
-3
Let m(h) = -10*h + 53. Suppose -2*i = -t - 15, 249*i + 5*t + 20 = 248*i. Give m(i).
3
Let d(x) be the first derivative of -x**4/4 - 10*x**3/3 - 4*x**2 - 10*x - 10508. Calculate d(-9).
-19
Let m(a) = 14*a. Let u = 10 - 41. Let o = -27 - u. Let q be o/24*(8 + -2). Determine m(q).
14
Suppose 3721 = 270*w - 2759. Let t(u) = -6*u + 151. Determine t(w).
7
Let v(c) = 5*c - 2*c - 2*c. Let d be 1/(-2) + 7 + (-168)/(-16). Let r(x) = -x**3 + 17*x**2 - 5*x + 85. Let h be r(d). Determine v(h).
0
Let p(f) = -f - 33. Suppose -5*h + 15 = -o + 5, 0 = -2*h - 5*o + 4. Suppose -4*i - z = 4*z + 5, -h*z - 2 = 4*i. Determine p(i).
-33
Let x be (41 - 51)*(-1 - -2). Let l(c) = c**3 - c**2 - c - 1. Let h(o) = -o**3 + 13*o**2 + 12*o - 1. Let d(j) = h(j) + 2*l(j). Give d(x).
-3
Let l(c) = -26*c**2 + c - 1. Let z = -8803 - -8804. Calculate l(z).
-26
Let d(u) = -u**3 + 8*u**2 + u + 3. Let p = 57 - 64. Let r(w) = w**2 + 7*w - 1. Let g be r(p). Let z be (-120)/75*5*g. What is d(z)?
11
Let q = 199 - 201. Let j(p) be the third derivative of -p**6/60 + p**5/20 + p**4/12 - p**3/3 - 2*p**2 + 57*p. Determine j(q).
22
Let m(s) be the third derivative of 7/6*s**3 + 1/12*s**5 + 1/120*s**6 + 0*s - 1/24*s**4 + 2 - 3*s**2. Let l be (-19)/4 - (-3)/(-12). Give m(l).
12
Let j(l) = 8*l - 34. Let c(z) = z + 3. Let u(b) = -6*c(b) - j(b). Calculate u(2).
-12
Let c(b) be the third derivative of 1/20*b**6 + 1/6*b**3 + 19*b**2 + 0*b + 0 + 0*b**4 + 0*b**5. Let t = -28 + 27. Calculate c(t).
-5
Let x = 14 - 7. Let r(b) be the third derivative of 0 + 1/10*b**5 + b**3 + 7/24*b**4 - 232*b**2 - 1/120*b**6 + 0*b. Calculate r(x).
6
Suppose -z - 5*r + 3 = 0, 2*z + 4*r = 1 + 5. Suppose -z*u = -4*a, -2*u + 0*u + 4*a = 0. Let i(d) = 328*d - 10 - 653*d - d**2 + 326*d. Calculate i(u).
-10
Let m(c) = -55*c**2 - 39*c - 2. Let b(x) = -202*x**2 - 154*x - 7. Let v(t) = -6*b(t) + 22*m(t). What is v(-33)?
-2
Let v(h) = -4*h - 5. Let s be (-304)/(-228)*(-9)/12. Calculate v(s).
-1
Let y = 150 + -142. Let b be y - (-10)/(60/(-18)). Let x(w) = w**2 - 8*w + 5. Determine x(b).
-10
Let c be 91/(-39)*(-45)/105. Let l(j) = 22*j**2 - 13*j + 6. What is l(c)?
15
Let a(v) = -6*v - 21 - 7 - 5 - 67. Let h be a(-17). Let i(o) = -7*o - 2. Determine i(h).
-16
Let x(o) be the third derivative of o**6/120 - 7*o**5/60 - o**4/4 + o**3/3 + 876*o**2. Calculate x(8).
18
Let g(q) = 2 + 21 - 12 + 14*q - 16*q + 14*q**2 - q**3. Determine g(14).
-17
Let t(v) = -5*v**3 - 12*v**3 - 30*v**2 - 5*v**3 + 131 - 25 - 8*v + 24*v**3. Calculate t(15).
-14
Suppose 92 + 58 = 15*m. Let q = 7 - 2. Let c(d) = -m*d - d + 12*d + q. Calculate c(-5).
0
Let k(y) = -y**2 + 10*y - 1. Let x = 833 - 824. Calculate k(x).
8
Let f(d) = 57*d**2 + d + 268. Let n(t) = -58*t**2 - 2*t - 335. Let x(u) = 5*f(u) + 4*n(u). What is x(-1)?
56
Suppose 5*z - 115 = z + 3*q, -113 = -4*z + q. Let m(k) = -89*k + 33*k + z*k + 27*k - k**2 - 16. Calculate m(0).
-16
Suppose -4*y - 45*u = -46*u + 24, -9 = 5*y + 4*u. Let f = 17 + -13. Let p(r) = -f*r + 0*r + 2 + 2*r + r. What is p(y)?
7
Let v(g) = g**3 - g**2 + 2*g - 1. Suppose 2*z + 2 = 20. Suppose -z*f + 16 = -5*f. Suppose 0 = -5*y + f*l + 1, 3*y + 1 = 4*l - 0. Determine v(y).
1
Suppose l = -2*f + 8, 5*l - 10*f + 14*f = 4. Let s(c) = 0 - c + c**3 - 5*c + 2*c**2 - 4. Determine s(l).
-12
Let p be ((-19)/(-3))/(56/60 + -1). Let f = p - -97. Let y(l) = -254*l**2 - 17 + f*l**3 - l**3 + 253*l**2. Determine y(0).
-17
Let v(f) = 4*f**3 - 9*f**2 + 14*f + 9. Let w(g) = -9*g**3 + 20*g**2 - 30*g - 19. Let k(x) = -13*v(x) - 6*w(x). What is k(-2)?
-27
Let c(b) = 7*b + 66. Let p be -5 + (-3 + -5 + 9)*4 + -9. Determine c(p).
-4
Suppose 4*d - 1686 = 2862. Let s be (12/15)/(d/(-285) + 4). Let x(g) = -4*g + 3*g + s - 76. What is x(-6)?
6
Let f(a) = -8*a**3 + 22*a**2 - 13*a - 104. Let b(h) = 3*h**3 - 7*h**2 + 4*h + 38. Let o(t) = -11*b(t) - 4*f(t). Give o(-12).
46
Let g(z) = z**2 - 14*z - 7. Let q(j) = 4*j**2 - 41*j - 20. Let u(i) = -7*g(i) + 2*q(i). What is u(-17)?
26
Let d = 76 - 74. Let x(m) = d*m - 19 + 12 - 5*m. Suppose z - 3*s = -20, s - 3 = -5*z - 23. What is x(z)?
8
Let r(y) = 92*y + 64. Let a(n) = 111*n + 66. Let d(b) = 5*a(b) - 6*r(b). Determine d(15).
-9
Let m(z) = -3 - z + 14 - 2 - 5 - 10. Determine m(-3).
-3
Let v(x) = x. Let d be v(2). Let s(m) = -1 + 7*m**2 - 3 + 3*m**3 - 2*m**3 + d. Let n(t) = -2*t**2 + 26*t - 7. Let c be n(13). What is s(c)?
-2
Let w(x) = -5*x**2 + 2*x. Let b be (-25)/9 - 800/3600. What is w(b)?
-51
Let r(g) = g - 2*g + 1 - g + 4*g. Let k(c) = -c**2 + 33*c - 2. Let m(t) = t**3 + 7*t**2 + 4*t + 3. Let s be m(-5). Let u be k(s). Determine r(u).
-3
Let g(j) = 237*j**2 + 75 - 238*j**2 + 11*j - 68. Give g(14).
-35
Let l(c) be the first derivative of 1/6*c**4 - 1/120*c**5 + 0*c + 22/3*c**3 - 41 + 0*c**2. Let x(f) be the third derivative of l(f). What is x(9)?
-5
Let w(m) = -526*m**2 - 505*m**2 + 4*m + 1032*m**2 - 3*m. Let l be (1 - -1)/((-8)/(-12)). Give w(l).
12
Let l be (-148)/20 - 4/(-10). Let w(m) be the second derivative of 0*m**2 + 1/12*m**4 + 7 + 3*m + 4/3*m**3. Give w(l).
-7
Let j(l) = -l**2 + 6*l + 9. Let a be j(7). Let s(q) = 11*q**3 + 32 + 34 - 95 - 10*q**3 + 28. Calculate s(a).
7
Let t be (9 - 10)*(-1 - 0). Let b = 2 - t. Let g(n) = -10 + b + n + 5. Determine g(5).
1
Let b = 17 + -25. Let n be (1 - 2)/(-2 - 14/b). Let o(j) = -j**3 + n*j**2 - 1 + 3*j**2 + 9*j + 0*j**2 + j**2. Calculate o(9).
-1
Suppose 2*q = 4*r - 748, -5*r + 125 + 804 = -4*q. Let h = -197 + r. Let j(k) = -2 + 2*k**2 + 2*k**3 - k**3 + 7*k + 1 + 7*k**2. Give j(h).
7
Let g(w) = -w**2 + 10*w + 1. Let k = 798 - 1143. Let b = k + 356. Give g(b).
-10
Suppose 130 = 5*l + 85. Let g(m) = -18 - 33*m + 11*m + 12*m - 11 + l*m. Calculate g(-12).
-17
Let l(h) = 41*h - 569. Suppose 4262 + 3879 = 529*q + 735. Give l(q).
5
Let c be (9/4)/(-9) + (-69)/(-4). Let k(g) = g**3 - 18*g**2 + 23*g - 14. What is k(c)?
88
Let f(y) = -y**3 - 9*y**2 - 16*y. Suppose -27*u - 75 - 37 = -4. Determine f(u).
-16
Let d(t) = -63*t**3 + 28*t**2 + 5*t + 143. Let y(u) = 47*u**3 - 28*u**2 - 5*u - 142. Let v(o) = 3*d(o) + 4*y(o). Give v(-28).
1
Let k(l) = -21*l + 34. Let y(n) = -67*n + 61. Let p(i) = 5*k(i) - 2*y(i). What is p(-3)?
-39
Let f(k) = 23*k - 142. Suppose -3*n + 2*s + 24 = 0, 5*n - 39 = -0*n + 3*s. Determine f(n).
-4
Let j(y) be the second derivative of 19*y**3/6 + 45*y**2 - 2*y - 1. Let d be j(-5). Let c(i) = 9*i + 43. Determine c(d).
-2
Let a(n) = n**2 - 72*n - 44 - 58*n + 126*n. Calculate a(10).
16
Let w(d) = d**2 - 8*d - 4. Let c(a) = a**3 + 10*a**2 + 19*a - 7. Let j be c(-6). Let p = 34 - j. Suppose 8*u + p - 75 = 0. Determine w(u).
-4
Let k(l) be the second derivative of -l**4/12 + 2*l**3/3 + 5*l**2/2 + 58770*l + 2. Let g be 2/(-6) + (-42)/9. What is k(g)?
-40
Suppose -8*x = -31*x - 92. Let q(d) = -11*d - 11. Let w(l) = 32*l + 30. Let y(v) = x*w(v) - 11*q(v). Let a = 0 + 2. Calculate y(a).
-13
Let n(o) = 10*o + 56*o - o**2 - 75*o + 5. Let q(d) = -4*d + 2. Let u be q(3). Give n(u).
-5